 the remainder when 737181 is divided by 52639?
235
Calculate the remainder when 693073 is divided by 346419.
235
What is the remainder when 29620 is divided by 5916?
40
Calculate the remainder when 3375339 is divided by 53.
34
What is the remainder when 12748 is divided by 2274?
1378
What is the remainder when 491 is divided by 350?
141
Calculate the remainder when 647656 is divided by 538.
442
Calculate the remainder when 209850 is divided by 26229.
18
Calculate the remainder when 106304708 is divided by 771.
770
Calculate the remainder when 314576 is divided by 2232.
2096
Calculate the remainder when 203699 is divided by 203291.
408
What is the remainder when 36892322 is divided by 65?
12
What is the remainder when 6446936 is divided by 13?
2
What is the remainder when 96614179 is divided by 211?
22
Calculate the remainder when 354487 is divided by 15920.
4247
What is the remainder when 899188 is divided by 128412?
304
What is the remainder when 38052 is divided by 1938?
1230
Calculate the remainder when 4969414 is divided by 318.
28
What is the remainder when 111777 is divided by 270?
267
What is the remainder when 44982903 is divided by 4498279?
113
Calculate the remainder when 149711362 is divided by 18.
16
Calculate the remainder when 168703 is divided by 77.
73
What is the remainder when 221068 is divided by 48?
28
What is the remainder when 128024 is divided by 62836?
2352
Calculate the remainder when 272038 is divided by 135741.
556
What is the remainder when 3801540 is divided by 6?
0
Calculate the remainder when 3855742 is divided by 1039.
13
Calculate the remainder when 26652 is divided by 26338.
314
What is the remainder when 208205 is divided by 207786?
419
What is the remainder when 5266539 is divided by 5266501?
38
What is the remainder when 313532 is divided by 78348?
140
Calculate the remainder when 577876109 is divided by 490.
489
What is the remainder when 10820 is divided by 592?
164
What is the remainder when 619311 is divided by 206428?
27
Calculate the remainder when 577826 is divided by 440.
106
Calculate the remainder when 22716 is divided by 22131.
585
What is the remainder when 23126218 is divided by 79?
74
What is the remainder when 518183 is divided by 181?
161
What is the remainder when 30065 is divided by 2266?
607
What is the remainder when 9013613 is divided by 819419?
4
Calculate the remainder when 82868 is divided by 27608.
44
What is the remainder when 28156769 is divided by 7039187?
21
Calculate the remainder when 2822974 is divided by 832.
830
Calculate the remainder when 2473486 is divided by 274831.
7
Calculate the remainder when 15836939 is divided by 15836932.
7
What is the remainder when 1071247 is divided by 535586?
75
Calculate the remainder when 228841 is divided by 228816.
25
What is the remainder when 392938 is divided by 6441?
37
What is the remainder when 637951 is divided by 27?
22
Calculate the remainder when 1663554 is divided by 378.
354
What is the remainder when 30791411 is divided by 7201?
7136
Calculate the remainder when 90400 is divided by 15006.
364
What is the remainder when 275110 is divided by 1313?
693
Calculate the remainder when 1158822 is divided by 5105.
5092
What is the remainder when 243590 is divided by 121789?
12
What is the remainder when 5485776 is divided by 61634?
350
Calculate the remainder when 13772544 is divided by 1204.
1192
What is the remainder when 29150977 is divided by 49?
44
Calculate the remainder when 811719925 is divided by 105.
100
What is the remainder when 6873 is divided by 6865?
8
Calculate the remainder when 186079 is divided by 185124.
955
Calculate the remainder when 5088412 is divided by 1583.
650
What is the remainder when 72653 is divided by 34855?
2943
What is the remainder when 15467112 is divided by 2256?
2232
Calculate the remainder when 728012 is divided by 643.
136
Calculate the remainder when 148033439 is divided by 627.
620
Calculate the remainder when 2299253 is divided by 111.
110
Calculate the remainder when 3284185 is divided by 42.
37
Calculate the remainder when 20106591 is divided by 282.
273
Calculate the remainder when 16309075 is divided by 4059.
13
Calculate the remainder when 3214656 is divided by 69877.
314
What is the remainder when 357369 is divided by 8165?
6274
What is the remainder when 1840030 is divided by 30160?
270
What is the remainder when 36758047 is divided by 12?
7
What is the remainder when 1198325 is divided by 294?
275
What is the remainder when 395349 is divided by 18825?
24
Calculate the remainder when 60177 is divided by 847.
40
What is the remainder when 644869 is divided by 46062?
1
Calculate the remainder when 3214208 is divided by 511.
18
What is the remainder when 1573615 is divided by 1367?
198
What is the remainder when 1229303 is divided by 205?
123
Calculate the remainder when 392930 is divided by 5308.
138
Calculate the remainder when 20409161 is divided by 457.
455
Calculate the remainder when 4096717 is divided by 372412.
185
What is the remainder when 873787 is divided by 11060?
47
What is the remainder when 11387898 is divided by 7592?
7490
What is the remainder when 477305 is divided by 237562?
2181
What is the remainder when 324758 is divided by 64951?
3
Calculate the remainder when 1445237 is divided by 4917.
4556
Calculate the remainder when 68041 is divided by 7521.
352
Calculate the remainder when 20824 is divided by 905.
9
What is the remainder when 636453 is divided by 528?
213
What is the remainder when 286595804 is divided by 1519?
1517
Calculate the remainder when 1655038 is divided by 15.
13
Calculate the remainder when 379735 is divided by 12644.
415
Calculate the remainder when 1539264 is divided by 45.
39
What is the remainder when 489295 is divided by 244642?
11
Calculate the remainder when 252740 is divided by 280.
180
What is the remainder when 562294 is divided by 93647?
412
Calculate the remainder when 8959626 is divided by 4479805.
16
What is the remainder when 10128866 is divided by 674?
668
Calculate the remainder when 425913 is divided by 497.
481
Calculate the remainder when 49787782 is divided by 2417.
2416
Calculate the remainder when 2914830937 is divided by 20.
17
Calculate the remainder when 162975 is divided by 1884.
951
Calculate the remainder when 1954826 is divided by 5199.
2
What is the remainder when 37816 is divided by 17678?
2460
What is the remainder when 1678814 is divided by 49355?
744
Calculate the remainder when 3394117 is divided by 3050.
2517
What is the remainder when 3590999 is divided by 10?
9
What is the remainder when 52372685 is divided by 269?
268
What is the remainder when 413174 is divided by 3825?
74
What is the remainder when 3243266 is divided by 185?
31
What is the remainder when 125373 is divided by 17036?
6121
Calculate the remainder when 9893863 is divided by 196.
175
Calculate the remainder when 26005991 is divided by 8.
7
Calculate the remainder when 8337410 is divided by 1170.
1160
Calculate the remainder when 76534737 is divided by 1234431.
15
Calculate the remainder when 96937270 is divided by 179.
178
What is the remainder when 17431155 is divided by 83?
76
What is the remainder when 17007653 is divided by 5669155?
188
What is the remainder when 2175027 is divided by 10?
7
Calculate the remainder when 6508766 is divided by 118338.
176
What is the remainder when 169489 is divided by 169276?
213
What is the remainder when 89862791 is divided by 129?
101
What is the remainder when 492570 is divided by 98503?
55
Calculate the remainder when 446414 is divided by 5384.
4926
What is the remainder when 50470860 is divided by 491?
479
Calculate the remainder when 22203304 is divided by 4596.
28
What is the remainder when 2444232 is divided by 235?
232
What is the remainder when 16398552 is divided by 141?
111
What is the remainder when 646588285 is divided by 1952?
1949
Calculate the remainder when 1963521 is divided by 981433.
655
What is the remainder when 1019072219 is divided by 9348?
9347
Calculate the remainder when 55989 is divided by 1537.
657
Calculate the remainder when 11390886 is divided by 3994.
3992
Calculate the remainder when 566483 is divided by 566454.
29
What is the remainder when 4264288 is divided by 3876